{"version":"1.0","type":"rich","provider_name":"Handivelo.fr","provider_url":"https:\/\/handivelo.fr","title":"Histoire du v\u00e9lo \u00e0 travers les \u00e2ges en vid\u00e9o","author_name":"handivelo","width":"480","height":"295","url":"http:\/\/www.handivelo.fr\/histoire-du-velo-a-travers-les-ages-en-video.html","html":"\u003Ch4 class='title'\u003E\u003Ca href='http:\/\/www.handivelo.fr\/histoire-du-velo-a-travers-les-ages-en-video.html'\u003EHistoire du v\u00e9lo \u00e0 travers les \u00e2ges en vid\u00e9o\u003C\/a\u003E\u003C\/h4\u003E\u003Cblockquote class='spip'\u003E\u003Cp\u003EEn vid\u00e9o l&#8217;histoire  du  v\u00e9lo.\u003C\/p\u003E\u003C\/blockquote\u003E\n"}

Histoire du vélo à travers les âges en vidéo

<h4 class='title'><a href='http://www.handivelo.fr/histoire-du-velo-a-travers-les-ages-en-video.html'>Histoire du vélo à travers les âges en vidéo</a></h4><blockquote class='spip'><p>En vidéo l&#8217;histoire  du  vélo.</p></blockquote>
