{"version":"1.0","type":"rich","provider_name":"Handivelo.fr","provider_url":"https:\/\/handivelo.fr","title":"D\u00e9claration europ\u00e9enne sur l&#8217;utilisation du v\u00e9lo","author_name":"handivelo","width":"480","height":"295","url":"https:\/\/www.handivelo.fr\/declaration-europeenne-sur-l-utilisation-du-velo.html","html":"\u003Ch4 class='title'\u003E\u003Ca href='https:\/\/www.handivelo.fr\/declaration-europeenne-sur-l-utilisation-du-velo.html'\u003ED\u00e9claration europ\u00e9enne sur l&#8217;utilisation du v\u00e9lo\u003C\/a\u003E\u003C\/h4\u003E\n"}

Déclaration européenne sur l&#8217;utilisation du vélo

<h4 class='title'><a href='https://www.handivelo.fr/declaration-europeenne-sur-l-utilisation-du-velo.html'>Déclaration européenne sur l&#8217;utilisation du vélo</a></h4>
