{"version":"1.0","type":"rich","provider_name":"Handivelo.fr","provider_url":"https:\/\/handivelo.fr","title":"V\u00e9ligo Location 2026&nbsp;:","author_name":"handivelo","width":"480","height":"295","url":"https:\/\/www.handivelo.fr\/veligo-location-2026.html","html":"\u003Ch4 class='title'\u003E\u003Ca href='https:\/\/www.handivelo.fr\/veligo-location-2026.html'\u003EV\u00e9ligo Location 2026&nbsp;:\u003C\/a\u003E\u003C\/h4\u003E\u003Cblockquote class='spip'\u003E\u003Cp\u003ED\u00e8s janvier 2026, V\u00e9ligo Location int\u00e8gre 9 mod\u00e8les de v\u00e9los adapt\u00e9s (assise basse, tricycles, tandems, etc.) en location longue dur\u00e9e. Pr\u00e9parez votre mobilit\u00e9 inclusive d\u00e8s maintenant sur v\u00e9ligo-location.fr&nbsp;: \u003Ca href=\"https:\/\/veligo-location.fr\" class=\"spip_url spip_out auto\" rel=\"nofollow external\"\u003Ehttps:\/\/veligo-location.fr\u003C\/a\u003E).\u003C\/p\u003E\u003C\/blockquote\u003E\n"}

Véligo Location 2026&nbsp;:

<h4 class='title'><a href='https://www.handivelo.fr/veligo-location-2026.html'>Véligo Location 2026&nbsp;:</a></h4><blockquote class='spip'><p>Dès janvier 2026, Véligo Location intègre 9 modèles de vélos adaptés (assise basse, tricycles, tandems, etc.) en location longue durée. Préparez votre mobilité inclusive dès maintenant sur véligo-location.fr&nbsp;: <a href="https://veligo-location.fr" class="spip_url spip_out auto" rel="nofollow external">https://veligo-location.fr</a>).</p></blockquote>
